.
133203
122727 (base 8) to base 4
22113113
10003 (base 6) to base 15
5b9
Convert -1220101 (base 3) to base 11.
-1051
1020 (base 12) to base 14
8d2
What is -23751 (base 8) in base 4?
-2133221
Convert 1441 (base 10) to base 2.
10110100001
-8c5 (base 16) to base 14
-b65
What is -3403 (base 8) in base 14?
-923
What is -543 (base 9) in base 16?
-1bc
Convert -3250 (base 6) to base 14.
-3b8
-879 (base 15) to base 9
-2556
What is 8001 (base 12) in base 15?
416a
-4260 (base 7) to base 4
-113220
-2020221 (base 3) to base 11
-1266
What is 60323 (base 8) in base 16?
60d3
11021020 (base 3) to base 7
12033
What is 110010001 (base 2) in base 5?
3101
Convert 111020 (base 3) to base 10.
357
204120 (base 5) to base 7
25532
Convert -e51 (base 16) to base 4.
-321101
Convert -10011111100 (base 2) to base 14.
-672
What is -1ea (base 15) in base 2?
-110111101
105630 (base 8) to base 12
18820
Convert 29a8 (base 15) to base 6.
105205
Convert -12222222 (base 3) to base 7.
-15515
Convert -5d6 (base 16) to base 10.
-1494
Convert 4041 (base 6) to base 13.
535
Convert -291 (base 13) to base 8.
-710
Convert -134 (base 10) to base 11.
-112
Convert -13103 (base 4) to base 2.
-111010011
What is -21303 (base 7) in base 10?
-5295
-1240 (base 10) to base 14
-648
Convert -1b3a (base 13) to base 8.
-10011
78c2 (base 15) to base 8
62007
What is b02 (base 16) in base 13?
138a
-1421 (base 7) to base 11
-464
Convert 3305 (base 7) to base 10.
1181
Convert -10101011001 (base 2) to base 5.
-20434
-1020111 (base 3) to base 11
-752
Convert -1828 (base 13) to base 10.
-3583
What is -569 (base 13) in base 8?
-1644
What is 13645 (base 9) in base 11?
6a72
9a2b (base 16) to base 2
1001101000101011
3500 (base 11) to base 8
10766
What is -449 (base 10) in base 3?
-121122
-10156 (base 8) to base 14
-1766
Convert -11 (base 3) to base 8.
-4
18086 (base 12) to base 11
24051
Convert 1171 (base 14) to base 10.
3039
What is 555 (base 9) in base 11?
384
Convert 101011011101 (base 2) to base 10.
2781
Convert -13203 (base 4) to base 15.
-223
Convert -39b (base 13) to base 7.
-1565
Convert -102403 (base 5) to base 3.
-11202211
-102200 (base 4) to base 15
-53e
Convert -41314 (base 10) to base 9.
-62604
What is 1631 (base 9) in base 2?
10011011011
What is 12049 (base 13) in base 4?
20003320
-129 (base 12) to base 10
-177
Convert -39 (base 12) to base 8.
-55
-322 (base 10) to base 11
-273
1110000100 (base 2) to base 12
630
714 (base 8) to base 7
1225
Convert -12624 (base 15) to base 14.
-175b1
8755 (base 9) to base 3
22211212
Convert 3538 (base 9) to base 11.
1a79
Convert -1210 (base 10) to base 9.
-1584
2445 (base 13) to base 14
1c23
Convert a1de (base 15) to base 14.
c65a
What is -191 (base 13) in base 12?
-1bb
What is -5310 (base 6) in base 8?
-2252
4153 (base 9) to base 12
1919
-73 (base 14) to base 15
-6b
Convert -9c1 (base 14) to base 4.
-132031
-1890 (base 10) to base 9
-2530
-1000100001 (base 2) to base 4
-20201
-196 (base 10) to base 2
-11000100
What is -93 (base 15) in base 11?
-116
What is 112323 (base 6) in base 12?
56a3
What is -c5d (base 15) in base 14?
-1032
Convert -5893 (base 10) to base 3.
-22002021
Convert 249 (base 12) to base 4.
11121
What is -1552 (base 10) in base 11?
-1191
Convert 100212 (base 4) to base 12.
746
14533 (base 10) to base 7
60241
What is -1111 (base 6) in base 16?
-103
What is 3130 (base 7) in base 16?
44b
-1601 (base 16) to base 10
-5633
5979 (base 12) to base 14
3925
2161 (base 7) to base 5
11103
432 (base 5) to base 12
99
Convert -2dd6 (base 14) to base 10.
-8224
What is -ca4 (base 15) in base 2?
-101100100110
Convert -10399 (base 10) to base 8.
-24237
3433 (base 8) to base 6
12231
What is 10201101 (base 3) in base 5?
41320
-3956 (base 13) to base 4
-1333313
What is 4b13 (base 14) in base 6?
140513
-3a46 (base 13) to base 8
-20223
-1354 (base 10) to base 8
-2512
-214204 (base 5) to base 12
-4371
What is -102010022 (base 3) in base 14?
-2d52
Convert b37 (base 13) to base 16.
771
Convert b34 (base 12) to base 6.
11304
What is 213054 (base 8) in base 13?
2654b
Convert 31930 (base 13) to base 6.
1530024
What is 100000110 (base 2) in base 12?
19a
What is -10ca (base 13) in base 14?
-c0b
Convert 28a (base 15) to base 7.
1456
34140 (base 5) to base 9
3278
What is 123332 (base 4) in base 10?
1790
What is -122220 (base 3) in base 9?
-586
592 (base 12) to base 8
1476
What is -625 (base 14) in base 11?
-9aa
Convert 1122210 (base 3) to base 2.
10010111001
What is 34594 (base 10) in base 8?
103442
Convert -6526 (base 9) to base 4.
-1023003
What is -1225 (base 8) in base 11?
-551
72824 (base 9) to base 10
48055
What is 213041 (base 6) in base 13?
7c8a
What is -2032 (base 7) in base 5?
-10314
What is -1208 (base 13) in base 5?
-40133
What is -26724 (base 10) in base 14?
-9a4c
What is 213050 (base 6) in base 13?
7c92
1231302 (base 4) to base 16
1b72
Convert 120 (base 8) to base 5.
310
What is 157 (base 12) in base 5?
1321
What is 63 (base 8) in base 9?
56
-231203 (base 4) to base 5
-43130
What is -30016 (base 8) in base 5?
-343202
a15 (base 15) to base 3
10010002
Convert -2120210111 (base 3) to base 2.
-1100011011000001
202100 (base 5) to base 12
3939
2055 (base 6) to base 9
568
7350 (base 8) to base 3
12020100
Convert 186d (base 15) to base 3.
21020111
210222 (base 3) to base 13
368
What is 1c8 (base 15) in base 4?
12131
Convert c674 (base 16) to base 6.
1031112
-1321404 (base 5) to base 4
-12131233
Convert 2322103 (base 4) to base 8.
27223
-23220 (base 4) to base 5
-10434
1a00 (base 15) to base 4
1113321
What is -122012 (base 8) in base 7?
-233301
What is 5544 (base 7) in base 10?
1992
690 (base 10) to base 9
846
What is 29 (base 14) in base 15?
27
What is -63553 (base 7) in base 5?
-1000333
Convert -22 (base 16) to base 6.
-54
Convert -205 (base 9) to base 4.
-2213
-4572 (base 9) to base 12
-1b62
Convert -1628 (base 14) to base 13.
-1a54
Convert -22121220 (base 3) to base 2.
-1100010010000
105 (base 13) to base 10
174
31033 (base 6) to base 2
1000000011101
What is -13a97 (base 11) in base 2?
-100110111101110
What is 2024 (base 6) in base 12?
314
What is -38788 (base 9) in base 6?
-321042
What is -1518 (base 12) in base 11?
-1944
Convert -133022 (base 4) to base 5.
-30434
What is 1505 (base 13) in base 10?
3047
What is -14533 (base 7) in base 3?
-12112201
-106a (base 11) to base 3
-1221010
What is a322 (base 11) in base 9?
20708
Convert -755 (base 12) to base 3.
-1110202
54500 (base 10) to base 14
15c0c
What is -2133103 (base 4) in base 6?
-115111
5bb (base 12) to base 2
1101011111
Convert -2670 (base 11) to base 7.
-13050
6551 (base 9) to base 4
1023121
What is 516 (base 10) in base 9?
633
What is -10403 (base 5) in base 10?
-728
-331 (base 9) to base 16
-10f
What is 11010001111100 (base 2) in base 5?
412221
-10103 (base 5) to base 4
-22031
Convert 241342 (base 7) to base 16.
aada
What is -248 (base 9) in base 6?
-542
What is 101010111010 (base 2) in base 16?
aba
What is -323220 (base 4) in base 14?
-1568
-346 (base 11) to base 3
-120022
What is 449 (base 13) in base 6?
3225
-222 (base 14) to base 6
-1542
What is -1ea (base 15) in base 3?
-121111
-2179 (base 10) to base 6
-14031
111101002 (base 3) to base 12
5785
-202220 (base 3) to base 5
-4224
Convert 121333 (base 6) to base 5.
320323
Convert -453412 (base 7) to base 11.
-55502
What is 2112 (base 13) in base 3?
20021120
What is -72 (base 15) in base 8?
-153
What is -1220111 (base 3) in base 13?
-82c
What is -51801 (base 9) in base 13?
-12736
Convert 1bb12 (base 12) to base 16.
a17e
-1001102211 (base 3) to base 11
-14637
What is 20120001 (base 3) in base 8?
11254
4505 (base 6) to base 10
1049
What is 11479 (base 11) in base 10?
16542
22122210 (base 3) to base 12
37a0
What is -668 (base 13) in base 6?
-5032
What is -13403 (base 5) in base 13?
-66b
What is 145103 (base 8) in base 14?
14c27
What is -4035 (base 6) in base 11?
-737
Convert 220001 (base 3) to base 10.
649
What is 1222400 (base 5) in base 14?
87ab
What is -21775 (base 8) in base 7?
-35601
Convert 732b (base 15) to base 12.
12105
-1753 (base 9) to base 11
-1012
-1000011220 (base 3) to base 5
-1113230
What is 1010010111000 (base 2) in base 11?
3a92
-45dc (base 14) to base 16
-2f76
Convert 5ac (base 16) to base 7.
4143
2e04 (base 16) to base 6
130312
-4c5 (base 15) to b